 13) in base 2?
-100001001001011
Convert 3c8 (base 15) to base 6.
3555
21275 (base 9) to base 2
11011100000001
What is 1183 (base 9) in base 12?
619
What is -840 (base 12) in base 13?
-714
Convert 211020021 (base 3) to base 16.
3f4f
What is -188 (base 14) in base 3?
-102201
-2253 (base 7) to base 11
-688
What is 10275 (base 8) in base 2?
1000010111101
What is -2e1 (base 15) in base 12?
-471
-815 (base 11) to base 8
-1730
-28a0 (base 12) to base 4
-1021320
What is 115 (base 8) in base 7?
140
Convert 1233 (base 16) to base 3.
20101120
Convert 42125 (base 6) to base 4.
1120211
Convert -113 (base 15) to base 12.
-183
-1036 (base 10) to base 5
-13121
Convert 120201 (base 3) to base 5.
3144
28799 (base 10) to base 11
1a701
What is -1134313 (base 6) in base 4?
-32132211
What is -1bca (base 13) in base 15?
-13b7
What is 133 (base 13) in base 15?
e1
What is -1637 (base 16) in base 11?
-4300
-869 (base 11) to base 4
-100103
304340 (base 7) to base 15
105e8
What is 111650 (base 7) in base 8?
46650
What is -1111130 (base 5) in base 2?
-100110001010100
What is -636 (base 16) in base 4?
-120312
What is 4332 (base 5) in base 4?
21100
Convert 110351 (base 6) to base 4.
2033323
Convert 100131 (base 6) to base 15.
24c1
What is 24 (base 12) in base 7?
40
Convert 30342 (base 10) to base 11.
20884
Convert -12a (base 14) to base 9.
-280
Convert -30b (base 12) to base 14.
-239
What is -111012202 (base 3) in base 6?
-112332
Convert -11011000010000 (base 2) to base 11.
-a442
What is -19b (base 15) in base 11?
-308
Convert 83589 (base 10) to base 8.
243205
Convert -33c (base 15) to base 16.
-2dc
What is 21315 (base 6) in base 8?
5557
What is 260a (base 13) in base 3?
21102200
-2c1 (base 13) to base 16
-1ef
Convert 11011011001 (base 2) to base 11.
1354
What is 553 (base 8) in base 4?
11223
What is -8937 (base 11) in base 6?
-130305
What is -3021 (base 7) in base 2?
-10000010100
Convert -11221 (base 4) to base 15.
-191
What is 1446 (base 13) in base 2?
101101110011
Convert 1c1 (base 13) to base 6.
1302
What is -312 (base 7) in base 5?
-1111
What is -33421 (base 5) in base 8?
-4471
What is -22c2 (base 16) in base 5?
-241043
10100111111100 (base 2) to base 11
8091
Convert -11000010101011 (base 2) to base 16.
-30ab
What is -1100001121 (base 3) in base 2?
-110011010101111
What is -43001 (base 6) in base 16?
-16c9
What is -aa4 (base 12) in base 2?
-11000011100
Convert -2b2 (base 14) to base 9.
-668
What is -63666 (base 10) in base 14?
-192b8
Convert -493 (base 12) to base 9.
-843
-8118 (base 9) to base 16
-172a
22 (base 11) to base 8
30
-42200 (base 7) to base 15
-3128
What is 30423 (base 6) in base 12?
2413
Convert 1145 (base 8) to base 12.
431
Convert 10310 (base 4) to base 11.
260
15565 (base 7) to base 13
2011
Convert -536 (base 12) to base 4.
-23322
-7d3 (base 16) to base 8
-3723
What is 5174 (base 9) in base 4?
323101
What is -8be (base 16) in base 2?
-100010111110
Convert b82c (base 15) to base 2.
1001100000110111
What is -14a15 (base 15) in base 6?
-1231215
What is 3050 (base 7) in base 14?
560
-6948 (base 16) to base 6
-324440
-624 (base 15) to base 7
-4015
203035 (base 6) to base 11
11209
Convert -711f (base 16) to base 15.
-88a9
What is -1561 (base 10) in base 12?
-aa1
-1311013 (base 4) to base 8
-16507
What is 221102 (base 3) in base 7?
2000
-5659 (base 11) to base 14
-29db
What is -23d (base 14) in base 15?
-1ec
Convert 9836 (base 12) to base 10.
16746
33a (base 14) to base 12
454
636 (base 9) to base 16
207
Convert 3214 (base 5) to base 8.
662
What is -51 (base 6) in base 15?
-21
What is 4475 (base 11) in base 2?
1011100000010
What is -183c (base 16) in base 15?
-1c89
Convert 1f7b (base 16) to base 5.
224214
What is 1011111001 (base 2) in base 13?
467
-212000011 (base 3) to base 9
-25004
-50a (base 12) to base 2
-1011011010
-2ba (base 14) to base 10
-556
What is -34664 (base 7) in base 5?
-241130
-36a (base 16) to base 4
-31222
-1010001 (base 3) to base 5
-11221
Convert aaf (base 16) to base 7.
10655
What is 5187 (base 11) in base 9?
10374
Convert -10451 (base 7) to base 9.
-3545
What is 1011110111111010 (base 2) in base 4?
23313322
Convert 1002020 (base 3) to base 12.
559
Convert 14606 (base 8) to base 14.
254a
Convert -75071 (base 8) to base 15.
-940e
What is -33 (base 8) in base 3?
-1000
Convert -100011011 (base 2) to base 15.
-13d
What is 2a93 (base 11) in base 7?
14405
What is 29a (base 15) in base 7?
1510
Convert 57a (base 14) to base 2.
10001000000
What is 14315 (base 7) in base 11?
2a55
Convert -85 (base 10) to base 11.
-78
-9090 (base 10) to base 4
-2032002
Convert -13343 (base 5) to base 6.
-5030
Convert 1001011 (base 4) to base 11.
3147
2746 (base 9) to base 8
4023
What is -143213 (base 7) in base 12?
-13b38
101111100 (base 2) to base 4
11330
Convert 12114 (base 6) to base 7.
5113
Convert -214 (base 9) to base 15.
-ba
What is -221 (base 13) in base 16?
-16d
-160f (base 16) to base 14
-20b5
What is 959 (base 10) in base 8?
1677
Convert 1537 (base 8) to base 5.
11423
What is -3311 (base 6) in base 12?
-537
What is -12022221 (base 3) in base 2?
-111100101110
Convert 200300 (base 4) to base 11.
1636
-723 (base 9) to base 5
-4323
-14c01 (base 14) to base 10
-51745
What is 26881 (base 10) in base 4?
12210001
-d411 (base 16) to base 8
-152021
What is 1334 (base 5) in base 7?
432
What is -21010 (base 3) in base 7?
-363
What is -850 (base 9) in base 7?
-2010
Convert -63440 (base 9) to base 12.
-20309
What is 111011 (base 2) in base 11?
54
-370 (base 8) to base 4
-3320
Convert 6da (base 15) to base 16.
613
-2340 (base 6) to base 15
-279
Convert -8319 (base 11) to base 9.
-16116
What is 29e (base 16) in base 2?
1010011110
Convert 3132 (base 5) to base 8.
641
-c5 (base 13) to base 16
-a1
Convert -459c (base 16) to base 15.
-5430
2ce (base 16) to base 2
1011001110
a14 (base 11) to base 12
861
Convert -7c3 (base 16) to base 14.
-a1d
Convert -289 (base 12) to base 3.
-112120
6601 (base 7) to base 8
4461
Convert -4997 (base 10) to base 2.
-1001110000101
What is -155 (base 16) in base 2?
-101010101
What is -1012103 (base 4) in base 5?
-120444
What is -33606 (base 7) in base 10?
-8532
380 (base 12) to base 11
440
What is -303 (base 11) in base 5?
-2431
What is 11220201 (base 3) in base 13?
1828
What is -1101000011 (base 2) in base 10?
-835
What is -55c8 (base 13) in base 12?
-6b36
cb (base 16) to base 14
107
Convert 375 (base 9) to base 6.
1235
Convert 6b (base 16) to base 2.
1101011
Convert 550 (base 11) to base 15.
2e0
Convert 7b7 (base 13) to base 3.
1211101
Convert 101110000000 (base 2) to base 5.
43234
Convert -2f9f (base 16) to base 14.
-462b
Convert -462 (base 8) to base 3.
-102100
-110010000 (base 2) to base 7
-1111
Convert -6ba6 (base 13) to base 10.
-15177
Convert -3611 (base 14) to base 7.
-36321
-28b (base 13) to base 8
-705
-10759 (base 10) to base 12
-6287
-5a2 (base 11) to base 2
-1011001101
-1011000110 (base 2) to base 6
-3142
-3725a (base 11) to base 6
-1051523
What is -383 (base 10) in base 11?
-319
Convert -d6 (base 16) to base 8.
-326
16a8 (base 16) to base 8
13250
-4331 (base 7) to base 10
-1541
3dc5 (base 15) to base 8
31663
3e6 (base 16) to base 6
4342
Convert 23e (base 16) to base 11.
482
What is 1542 (base 8) in base 14?
45c
What is -3b98 (base 14) in base 9?
-15381
-243 (base 11) to base 2
-100100001
What is 573 (base 10) in base 5?
4243
Convert -ed (base 16) to base 15.
-10c
4287 (base 10) to base 2
1000010111111
3200 (base 4) to base 7
440
4110 (base 7) to base 6
10340
-110221 (base 3) to base 15
-184
Convert -2111032 (base 4) to base 3.
-111002201
1961a (base 13) to base 14
13dc7
-354a (base 12) to base 5
-142322
Convert 2223 (base 8) to base 7.
3262
-20111 (base 3) to base 15
-ba
-5adb (base 16) to base 5
-1221014
13232 (base 5) to base 4
100223
Convert -442 (base 14) to base 4.
-31022
1212022202 (base 3) to base 9
55282
What is 6153 (base 8) in base 13?
15a7
Convert -1053 (base 6) to base 11.
-207
-102012001 (base 3) to base 2
-1111111011011
-119a (base 11) to base 9
-2124
What is 98 (base 14) in base 13?
a4
-24321 (base 8) to base 9
-15300
What is -150124 (base 7) in base 6?
-341411
Convert -442 (base 6) to base 14.
-c2
4063 (base 14) to base 9
16152
What is -102241 (base 5) in base 2?
-110101110110
-172 (base 10) to base 5
-1142
Co